ctors of 34.
2, 17
List the prime factors of 5517.
3, 613
What are the prime factors of 124840?
2, 5, 3121
List the prime factors of 1381.
1381
List the prime factors of 3730.
2, 5, 373
List the prime factors of 74808.
2, 3, 1039
What are the prime factors of 14483?
7, 2069
What are the prime factors of 39216?
2, 3, 19, 43
List the prime factors of 39896.
2, 4987
What are the prime factors of 17027?
17027
List the prime factors of 107636.
2, 71, 379
List the prime factors of 13868.
2, 3467
List the prime factors of 6009.
3, 2003
List the prime factors of 4955.
5, 991
What are the prime factors of 2551?
2551
What are the prime factors of 79538?
2, 39769
What are the prime factors of 1214?
2, 607
What are the prime factors of 113?
113
What are the prime factors of 2102?
2, 1051
What are the prime factors of 42395?
5, 61, 139
List the prime factors of 7564.
2, 31, 61
List the prime factors of 38170.
2, 5, 11, 347
What are the prime factors of 3006?
2, 3, 167
List the prime factors of 123892.
2, 47, 659
What are the prime factors of 12103?
7, 13, 19
What are the prime factors of 37112?
2, 4639
List the prime factors of 6244.
2, 7, 223
What are the prime factors of 63411?
3, 23, 919
What are the prime factors of 1040?
2, 5, 13
What are the prime factors of 60360?
2, 3, 5, 503
What are the prime factors of 2072?
2, 7, 37
List the prime factors of 70174.
2, 13, 2699
What are the prime factors of 3206?
2, 7, 229
What are the prime factors of 198?
2, 3, 11
What are the prime factors of 13498?
2, 17, 397
List the prime factors of 18810.
2, 3, 5, 11, 19
What are the prime factors of 11812?
2, 2953
What are the prime factors of 1229?
1229
List the prime factors of 38547.
3, 4283
List the prime factors of 115654.
2, 7, 11, 751
What are the prime factors of 720?
2, 3, 5
List the prime factors of 804.
2, 3, 67
What are the prime factors of 14446?
2, 31, 233
What are the prime factors of 64949?
107, 607
List the prime factors of 66843.
3, 7, 1061
What are the prime factors of 55861?
13, 4297
What are the prime factors of 1011?
3, 337
List the prime factors of 1422.
2, 3, 79
List the prime factors of 266.
2, 7, 19
What are the prime factors of 9404?
2, 2351
List the prime factors of 386.
2, 193
List the prime factors of 52.
2, 13
What are the prime factors of 62540?
2, 5, 53, 59
What are the prime factors of 2102?
2, 1051
List the prime factors of 3596.
2, 29, 31
What are the prime factors of 795?
3, 5, 53
What are the prime factors of 33630?
2, 3, 5, 19, 59
What are the prime factors of 4547?
4547
What are the prime factors of 10008?
2, 3, 139
What are the prime factors of 1500?
2, 3, 5
What are the prime factors of 21736?
2, 11, 13, 19
What are the prime factors of 7643?
7643
List the prime factors of 58222.
2, 43, 677
What are the prime factors of 4859?
43, 113
List the prime factors of 59245.
5, 17, 41
What are the prime factors of 22762?
2, 19, 599
What are the prime factors of 2762?
2, 1381
What are the prime factors of 423?
3, 47
What are the prime factors of 8463?
3, 7, 13, 31
What are the prime factors of 563?
563
List the prime factors of 3506.
2, 1753
List the prime factors of 995.
5, 199
List the prime factors of 968.
2, 11
What are the prime factors of 8441?
23, 367
List the prime factors of 1270.
2, 5, 127
What are the prime factors of 28892?
2, 31, 233
List the prime factors of 12995.
5, 23, 113
What are the prime factors of 6059?
73, 83
List the prime factors of 221.
13, 17
What are the prime factors of 1437?
3, 479
List the prime factors of 1528.
2, 191
List the prime factors of 638.
2, 11, 29
What are the prime factors of 1674?
2, 3, 31
List the prime factors of 11759.
11, 1069
What are the prime factors of 770?
2, 5, 7, 11
List the prime factors of 7904.
2, 13, 19
List the prime factors of 19681.
19681
What are the prime factors of 3894?
2, 3, 11, 59
List the prime factors of 4431.
3, 7, 211
What are the prime factors of 2605?
5, 521
What are the prime factors of 13541?
11, 1231
What are the prime factors of 43065?
3, 5, 11, 29
What are the prime factors of 127093?
73, 1741
List the prime factors of 35781.
3, 11927
What are the prime factors of 17166?
2, 3, 2861
List the prime factors of 196.
2, 7
What are the prime factors of 5896?
2, 11, 67
What are the prime factors of 2219?
7, 317
What are the prime factors of 97221?
3, 23, 1409
List the prime factors of 853.
853
List the prime factors of 1446.
2, 3, 241
List the prime factors of 2383.
2383
What are the prime factors of 1641?
3, 547
What are the prime factors of 16103?
16103
What are the prime factors of 5845?
5, 7, 167
List the prime factors of 22495.
5, 11, 409
List the prime factors of 5097.
3, 1699
List the prime factors of 28717.
13, 47
What are the prime factors of 830?
2, 5, 83
List the prime factors of 612.
2, 3, 17
What are the prime factors of 28062?
2, 3, 1559
What are the prime factors of 6732?
2, 3, 11, 17
What are the prime factors of 886?
2, 443
What are the prime factors of 10810?
2, 5, 23, 47
What are the prime factors of 243?
3
What are the prime factors of 1168?
2, 73
What are the prime factors of 20067?
3, 6689
List the prime factors of 28830.
2, 3, 5, 31
List the prime factors of 32950.
2, 5, 659
List the prime factors of 21257.
29, 733
List the prime factors of 70405.
5, 14081
What are the prime factors of 34453?
131, 263
What are the prime factors of 938?
2, 7, 67
What are the prime factors of 10620?
2, 3, 5, 59
What are the prime factors of 5497?
23, 239
What are the prime factors of 3754?
2, 1877
What are the prime factors of 2534?
2, 7, 181
List the prime factors of 76763.
29, 2647
List the prime factors of 3403.
41, 83
What are the prime factors of 2100?
2, 3, 5, 7
What are the prime factors of 2388?
2, 3, 199
What are the prime factors of 1011?
3, 337
What are the prime factors of 2085?
3, 5, 139
What are the prime factors of 10226?
2, 5113
What are the prime factors of 90861?
3, 31, 977
What are the prime factors of 5423?
11, 17, 29
List the prime factors of 92031.
3, 30677
What are the prime factors of 6471?
3, 719
List the prime factors of 5541.
3, 1847
What are the prime factors of 1524?
2, 3, 127
List the prime factors of 1118.
2, 13, 43
List the prime factors of 73155.
3, 5, 4877
List the prime factors of 83838.
2, 3, 89, 157
What are the prime factors of 11132?
2, 11, 23
What are the prime factors of 794?
2, 397
List the prime factors of 6576.
2, 3, 137
List the prime factors of 1309.
7, 11, 17
List the prime factors of 262.
2, 131
List the prime factors of 29514.
2, 3, 4919
What are the prime factors of 104025?
3, 5, 19, 73
What are the prime factors of 75966?
2, 3, 11, 1151
List the prime factors of 9280.
2, 5, 29
What are the prime factors of 11940?
2, 3, 5, 199
What are the prime factors of 86001?
3, 109, 263
What are the prime factors of 92813?
7, 13259
What are the prime factors of 4198?
2, 2099
List the prime factors of 26461.
47, 563
What are the prime factors of 307?
307
List the prime factors of 882.
2, 3, 7
What are the prime factors of 2700?
2, 3, 5
List the prime factors of 12348.
2, 3, 7
What are the prime factors of 4393?
23, 191
What are the prime factors of 3136?
2, 7
What are the prime factors of 66803?
11, 6073
List the prime factors of 87803.
87803
List the prime factors of 17144.
2, 2143
What are the prime factors of 30035?
5, 6007
What are the prime factors of 62137?
62137
List the prime factors of 4115.
5, 823
List the prime factors of 3097.
19, 163
What are the prime factors of 3216?
2, 3, 67
List the prime factors of 7849.
47, 167
List the prime factors of 3055.
5, 13, 47
What are the prime factors of 30234?
2, 3, 5039
List the prime factors of 1538.
2, 769
List the prime factors of 155.
5, 31
List the prime factors of 147344.
2, 9209
What are the prime factors of 165595?
5, 33119
What are the prime factors of 69468?
2, 3, 7, 827
List the prime factors of 7766.
2, 11, 353
What are the prime factors of 530?
2, 5, 53
What are the prime factors of 11377?
31, 367
What are the prime factors of 1146?
2, 3, 191
List the prime factors of 15691.
13, 17, 71
List the prime factors of 7552.
2, 59
What are the prime factors of 2865?
3, 5, 191
List the prime factors of 191735.
5, 31, 1237
List the prime factors of 1645.
5, 7, 47
What are